{"id":1075,"date":"2019-03-19T16:59:58","date_gmt":"2019-03-19T15:59:58","guid":{"rendered":"http:\/\/roemerquartier.ch\/?page_id=1075"},"modified":"2022-10-23T19:11:42","modified_gmt":"2022-10-23T17:11:42","slug":"kurpark","status":"publish","type":"page","link":"https:\/\/roemerquartier.ch\/index.php\/kurpark\/","title":{"rendered":"Kurpark"},"content":{"rendered":"<p>Der <strong>Kurpark<\/strong> ist mit seinen m\u00e4chtigen B\u00e4umen die gr\u00fcne Lunge des R\u00f6merquartiers und beherbergt auch das <a href=\"https:\/\/www.grandcasinobaden.ch\/\">Casino Baden<\/a>. Der Erholungsraum wird vor allem im Sommer rege von den Badenerinnen und Badenern frequentiert.<\/p>\n<p>Zeitungsberichte zum Kurpark (j\u00fcngste zuoberst):<\/p>\n<ul>\n<li>Neue <strong>Skulptur<\/strong> im Kurpark: <a href=\"https:\/\/www.badenertagblatt.ch\/aargau\/baden\/baden-im-kurpark-steht-neu-eine-skulptur-von-gillian-white-es-ist-ein-geschenk-an-die-stadt-ld.2343667\" target=\"_blank\" rel=\"noopener\">Artikel<\/a> im Badener Tagblatt vom 15. September 2022<\/li>\n<li><strong>F\u00e4llungsaktion<\/strong> im Kurpark: Artikel im <a href=\"http:\/\/roemerquartier.ch\/wp-content\/uploads\/2022\/10\/Badener_Tagblatt_20220824_Seite_19.pdf\" target=\"_blank\" rel=\"noopener\">Badener Tagblatt<\/a> vom 24. August 2022 und in der <a href=\"http:\/\/roemerquartier.ch\/wp-content\/uploads\/2022\/10\/Blutbuche_2022_08_25_RSS_3422_g.pdf\" target=\"_blank\" rel=\"noopener\">Rundschau S\u00fcd<\/a> vom 25. August 2022<\/li>\n<li>Der Badener <strong>Kurpark<\/strong>: <a href=\"http:\/\/roemerquartier.ch\/wp-content\/uploads\/2022\/08\/Kurpark_Badenaktuell_Magazin-AusgabeApril2022.pdf\" target=\"_blank\" rel=\"noopener\">Artikel<\/a> in Badenaktuell vom April 2022<\/li>\n<li>Im Kurpark m\u00fcssen 17 <strong>B\u00e4ume gef\u00e4llt<\/strong> werden \u2013 auch die grosse Blutbuche: <a href=\"https:\/\/www.badenertagblatt.ch\/aargau\/baden\/baden-folgen-des-klimawandels-im-kurpark-muessen-17-baeume-gefaellt-werden-auch-die-grosse-blutbuche-ld.2197362\" target=\"_blank\" rel=\"noopener\">Artikel<\/a> im Badener Tagblatt vom 5. Oktober 2021<\/li>\n<li><strong>Tempi passati<\/strong> im Kurpark: <a href=\"http:\/\/roemerquartier.ch\/wp-content\/uploads\/2021\/08\/Seiten-aus-2021-30_Rundschau_Sued_g.pdf\" target=\"_blank\" rel=\"noopener\">Artikel<\/a> in der Rundschau S\u00fcd vom 29. Juli 2021<\/li>\n<li><strong>Wakkerpreis 2020<\/strong> des Schweizer Heimatschutzes geht an Baden: \u00abStolz auf diese Auszeichnung\u00bb \u2013 Beispiel Kurpark: <a href=\"http:\/\/roemerquartier.ch\/wp-content\/uploads\/2020\/01\/Seiten-aus-2020-03_Rundschau_Sued_g.pdf\" target=\"_blank\" rel=\"noopener noreferrer\">Artikel<\/a> in der Rundschau S\u00fcd 03\/2020 vom 16. Januar 2020<\/li>\n<li><strong>Wakkerpreis 2020<\/strong>: Warum Baden so lebenswert ist \u2013 Beispiel Kurpark: <a href=\"https:\/\/www.badenertagblatt.ch\/aargau\/baden\/wakkerpreis-fuer-baden-warum-die-stadt-so-lebenswert-ist-136229047#\" target=\"_blank\" rel=\"noopener noreferrer\">Artikel<\/a> im Badener Tagblatt vom 15. Januar 2020<\/li>\n<li>Ziel f\u00fcr den Kurpark: <strong>Weniger L\u00e4rm, Abfall und Drogen:<\/strong> <a href=\"https:\/\/www.badenertagblatt.ch\/aargau\/baden\/ziel-fuer-den-kurpark-weniger-laerm-abfall-und-drogen-135735938\" target=\"_blank\" rel=\"noopener noreferrer\">Artikel<\/a> im Badener Tagblatt vom 2. Oktober 2019<\/li>\n<li>Als <strong>Orientierungsl\u00e4ufer<\/strong> die Stadt entdecken \u2013 zwei neue Parcours machen es m\u00f6glich: <a href=\"https:\/\/www.badenertagblatt.ch\/aargau\/baden\/als-orientierungslaeufer-die-stadt-entdecken-zwei-neue-parcours-machen-es-moeglich-135676542\" target=\"_blank\" rel=\"noopener noreferrer\">Artikel<\/a> im Badener Tagblatt vom 2. Oktober 2019<\/li>\n<li>Zum Ap\u00e9ro oder auf eine \u00abParkwurst\u00bb in den Kurpark: Jetzt er\u00f6ffnet das neue <strong>Parkbistro<\/strong>: <a href=\"https:\/\/www.badenertagblatt.ch\/aargau\/baden\/zum-apro-oder-auf-eine-parkwurst-in-den-kurpark-jetzt-eroeffnet-das-neue-parkbistro-134710018\" target=\"_blank\" rel=\"noopener noreferrer\">Artikel<\/a> im Badener Tagblatt vom 7. Juli 2019<\/li>\n<li>Vorher Trafostation, nachher <strong>Bistro<\/strong>: <a href=\"https:\/\/www.regionalwerke.ch\/fileadmin\/seiteninhalt\/Dokumente\/Kundenmagazin_PlusMinus\/REG_PlusMinus_Nr_53.pdf\" target=\"_blank\" rel=\"noopener noreferrer\">Artikel<\/a> im Plusminus vom Juni 2019 (Seiten 20 und 21)<\/li>\n<li><strong>Bistro<\/strong> im Kurpark: <a href=\"http:\/\/roemerquartier.ch\/wp-content\/uploads\/2019\/04\/Bistro_Kurpark_BT_2019_04_06.pdf\" target=\"_blank\" rel=\"noopener noreferrer\">Glosse<\/a> im Badener Tagblatt vom 6. April 2019<\/li>\n<li>War die 130-j\u00e4hrige <strong>Riesen-Thuja<\/strong> im Kurpark wirklich krank? <a href=\"https:\/\/www.badenertagblatt.ch\/aargau\/baden\/faellaktion-war-die-130-jaehrige-riesenthuja-im-kurpark-wirklich-krank-134206281\" target=\"_blank\" rel=\"noopener noreferrer\">Artikel<\/a> im Badener Tagblatt vom 14. M\u00e4rz 2019<\/li>\n<li>Eine <strong>Riesen-Thuja<\/strong> im Kurpark wird gef\u00e4llt: <a href=\"https:\/\/www.badenertagblatt.ch\/aargau\/baden\/er-war-schon-laenger-krank-hier-wird-ein-130-jaehriger-riesen-thuja-im-kurpark-gefaellt-134183493\" target=\"_blank\" rel=\"noopener noreferrer\">Artikel<\/a> im Badener Tagblatt vom 8. M\u00e4rz 2019<\/li>\n<li>Eine <strong>Gartenwirtschaft<\/strong> im Kurpark: <a href=\"https:\/\/www.badenertagblatt.ch\/aargau\/baden\/eine-gartenwirtschaft-im-kurpark-stadt-und-grand-casino-planen-neues-bistro-133739203\" target=\"_blank\" rel=\"noopener noreferrer\">Artikel<\/a> im Badener Tagblatt vom 20. November 2018<\/li>\n<\/ul>\n","protected":false},"excerpt":{"rendered":"<p>Der Kurpark ist mit seinen m\u00e4chtigen B\u00e4umen die gr\u00fcne Lunge des R\u00f6merquartiers und beherbergt auch das Casino Baden. Der Erholungsraum wird vor allem im Sommer rege von den Badenerinnen und Badenern frequentiert. Zeitungsberichte zum Kurpark (j\u00fcngste zuoberst): Neue Skulptur im Kurpark: Artikel im Badener Tagblatt vom 15. September 2022 F\u00e4llungsaktion im Kurpark: Artikel im Badener <a href=\"https:\/\/roemerquartier.ch\/index.php\/kurpark\/\" class=\"more-link\">\u2026weiterlesen<span class=\"screen-reader-text\"> Kurpark\"<\/span><\/a><\/p>\n","protected":false},"author":1,"featured_media":161,"parent":0,"menu_order":0,"comment_status":"closed","ping_status":"closed","template":"","meta":{"ngg_post_thumbnail":0,"footnotes":""},"class_list":["post-1075","page","type-page","status-publish","has-post-thumbnail","h-entry","hentry","h-as-page"],"_links":{"self":[{"href":"https:\/\/roemerquartier.ch\/index.php\/wp-json\/wp\/v2\/pages\/1075","targetHints":{"allow":["GET"]}}],"collection":[{"href":"https:\/\/roemerquartier.ch\/index.php\/wp-json\/wp\/v2\/pages"}],"about":[{"href":"https:\/\/roemerquartier.ch\/index.php\/wp-json\/wp\/v2\/types\/page"}],"author":[{"embeddable":true,"href":"https:\/\/roemerquartier.ch\/index.php\/wp-json\/wp\/v2\/users\/1"}],"replies":[{"embeddable":true,"href":"https:\/\/roemerquartier.ch\/index.php\/wp-json\/wp\/v2\/comments?post=1075"}],"version-history":[{"count":20,"href":"https:\/\/roemerquartier.ch\/index.php\/wp-json\/wp\/v2\/pages\/1075\/revisions"}],"predecessor-version":[{"id":2413,"href":"https:\/\/roemerquartier.ch\/index.php\/wp-json\/wp\/v2\/pages\/1075\/revisions\/2413"}],"wp:featuredmedia":[{"embeddable":true,"href":"https:\/\/roemerquartier.ch\/index.php\/wp-json\/wp\/v2\/media\/161"}],"wp:attachment":[{"href":"https:\/\/roemerquartier.ch\/index.php\/wp-json\/wp\/v2\/media?parent=1075"}],"curies":[{"name":"wp","href":"https:\/\/api.w.org\/{rel}","templated":true}]}}