{"id":801,"date":"2018-12-24T19:16:01","date_gmt":"2018-12-24T18:16:01","guid":{"rendered":"http:\/\/roemerquartier.ch\/?page_id=801"},"modified":"2023-01-20T11:06:47","modified_gmt":"2023-01-20T10:06:47","slug":"baederverein","status":"publish","type":"page","link":"https:\/\/roemerquartier.ch\/index.php\/baederverein\/","title":{"rendered":"B\u00e4derverein"},"content":{"rendered":"<p>2017 wurde der B\u00e4derverein gegr\u00fcndet, mit dem Ziel des Erhalts und der Vermittlung des kulturellen Erbes im B\u00e4derquartier. Ihm geh\u00f6ren Vertreter der Politik von Baden und den umliegenden Gemeinden, Grundeigent\u00fcmer und Experten an. Zust\u00e4ndiges Vorstandsmitglied aus dem R\u00f6mer-Quartierverein ist J\u00fcrg Erdin (<a href=\"mailto:kultur@roemerquartier.ch\">kultur[at]roemerquartier.ch<\/a>).<\/p>\n<p><a href=\"http:\/\/www.baederverein.ch\/\" target=\"_blank\" rel=\"noopener noreferrer\">Website<\/a> B\u00e4derverein<\/p>\n<p>Zeitungsberichte zum B\u00e4derverein (j\u00fcngste zuoberst):<\/p>\n<ul>\n<li><strong>New Yorker Kunst<\/strong> im B\u00e4derquartier: Artikel im Badener Tagblatt vom <a href=\"https:\/\/www.badenertagblatt.ch\/aargau\/baden\/ennetbaden-new-yorker-kunst-im-baederquartier-der-technische-aufwand-war-ziemlich-gross-ld.2388874\" target=\"_blank\" rel=\"noopener\">19. Dezember 2022<\/a> und vom <a href=\"https:\/\/www.badenertagblatt.ch\/aargau\/baden\/baden-furchteinfloessende-botschaft-oder-ermutigender-gedanke-kunst-eines-new-yorkers-begeistert-menschen-im-baederquartier-ld.2394286\" target=\"_blank\" rel=\"noopener\">30. Dezember 2022<\/a><\/li>\n<li>B\u00e4derverein-Festival startet mit <strong>Filmreihe<\/strong> \u00fcber die Vielseitigkeit des Badens: <a href=\"https:\/\/www.badenertagblatt.ch\/aargau\/baden\/baden-vom-liebevollen-waschen-zur-mordszene-baederverein-festival-startet-mit-filmreihe-ueber-die-vielseitigkeit-des-badens-ld.2181474\" target=\"_blank\" rel=\"noopener\">Artikel<\/a> im Badener Tagblatt vom 2. September 2021<\/li>\n<li><strong>Hinterhofquelle<\/strong> wird zug\u00e4nglich gemacht: <a href=\"https:\/\/www.badenertagblatt.ch\/aargau\/baden\/das-herz-des-thermalbads-offnet-sich-historische-hinterhofquelle-wird-fur-besucher-zuganglich-ld.2085117\" target=\"_blank\" rel=\"noopener\">Artikel<\/a> im Badener Tagblatt vom13. Januar 2021<\/li>\n<li><strong>Vermarktung<\/strong> B\u00e4derquartier: <a href=\"https:\/\/www.badenertagblatt.ch\/aargau\/baden\/wie-baden-sein-baderquartier-touristen-schmackhaft-machen-will-dreitagiges-eroffnungs-fest-geplant-ld.1270459\" target=\"_blank\" rel=\"noopener\">Artikel<\/a> im Badener Tagblatt vom 23. Oktober 2020<\/li>\n<li><strong>Kuratorenteam<\/strong> B\u00e4derkultur: <a href=\"https:\/\/www.badenertagblatt.ch\/aargau\/baden\/duo-aus-berlin-und-bern-soll-die-baderkultur-in-baden-zum-sprudeln-bringen-ld.1236350\" target=\"_blank\" rel=\"noopener\">Artikel<\/a> im Badener Tagblatt vom 8. Juli 2020<\/li>\n<li>Kuratoren f\u00fcr \u00ab<strong>B\u00e4derkultur Baden<\/strong>\u00bb gesucht: Der B\u00e4derverein Baden will das kulturelle Erbe sichtbar machen und die B\u00e4dertradition in die Zukunft f\u00fchren: <a href=\"http:\/\/roemerquartier.ch\/wp-content\/uploads\/2020\/01\/Baederkultur_20200128_AZ-Badener-Tagblatt_E-Paper.pdf\" target=\"_blank\" rel=\"noopener noreferrer\">Artikel<\/a> im Badener Tagblatt vom 28. Januar 2020<\/li>\n<li>Der Kanton bietet grossz\u00fcgige finanzielle <strong>Unterst\u00fctzung<\/strong>: <a href=\"https:\/\/www.badenertagblatt.ch\/aargau\/baden\/grosse-freude-beim-baederverein-der-kanton-bietet-grosszuegige-finanzielle-unterstuetzung-135631966\" target=\"_blank\" rel=\"noopener noreferrer\">Artikel<\/a> im Badener Tagblatt vom 17. September 2019<\/li>\n<li>Der <strong>B\u00e4derverein<\/strong> erh\u00e4lt Geld vom Bund: <a href=\"https:\/\/www.badenertagblatt.ch\/aargau\/baden\/eine-riesenmotivation-der-baederverein-erhaelt-geld-vom-bund-133873711\" target=\"_blank\" rel=\"noopener noreferrer\">Artikel<\/a> im Badener Tagblatt vom 21. Dezember 2018<\/li>\n<li><a href=\"http:\/\/roemerquartier.ch\/wp-content\/uploads\/2019\/02\/BV_BAK_2018.pdf\" target=\"_blank\" rel=\"noopener noreferrer\">Medienmitteilung<\/a> des B\u00e4dervereins zum Projekt \u00abB\u00e4derkultur Baden\u00bb vom 20. Dezember 2018<\/li>\n<\/ul>\n<p><img loading=\"lazy\" decoding=\"async\" class=\"alignnone size-full wp-image-536\" src=\"http:\/\/roemerquartier.ch\/wp-content\/uploads\/2018\/07\/Baeder.jpg\" alt=\"\" width=\"1200\" height=\"347\" srcset=\"https:\/\/roemerquartier.ch\/wp-content\/uploads\/2018\/07\/Baeder.jpg 1200w, https:\/\/roemerquartier.ch\/wp-content\/uploads\/2018\/07\/Baeder-300x87.jpg 300w, https:\/\/roemerquartier.ch\/wp-content\/uploads\/2018\/07\/Baeder-768x222.jpg 768w, https:\/\/roemerquartier.ch\/wp-content\/uploads\/2018\/07\/Baeder-1024x296.jpg 1024w, https:\/\/roemerquartier.ch\/wp-content\/uploads\/2018\/07\/Baeder-960x278.jpg 960w\" sizes=\"auto, (max-width: 1200px) 100vw, 1200px\" \/><br \/>\n<em>Die Thermalbad-Baustelle am 14. Juli 2018. Foto: LH<\/em><\/p>\n","protected":false},"excerpt":{"rendered":"<p>2017 wurde der B\u00e4derverein gegr\u00fcndet, mit dem Ziel des Erhalts und der Vermittlung des kulturellen Erbes im B\u00e4derquartier. Ihm geh\u00f6ren Vertreter der Politik von Baden und den umliegenden Gemeinden, Grundeigent\u00fcmer und Experten an. Zust\u00e4ndiges Vorstandsmitglied aus dem R\u00f6mer-Quartierverein ist J\u00fcrg Erdin (kultur[at]roemerquartier.ch). Website B\u00e4derverein Zeitungsberichte zum B\u00e4derverein (j\u00fcngste zuoberst): New Yorker Kunst im B\u00e4derquartier: Artikel <a href=\"https:\/\/roemerquartier.ch\/index.php\/baederverein\/\" class=\"more-link\">\u2026weiterlesen<span class=\"screen-reader-text\"> B\u00e4derverein\"<\/span><\/a><\/p>\n","protected":false},"author":1,"featured_media":0,"parent":0,"menu_order":0,"comment_status":"closed","ping_status":"closed","template":"","meta":{"ngg_post_thumbnail":0,"footnotes":""},"class_list":["post-801","page","type-page","status-publish","h-entry","hentry","h-as-page"],"_links":{"self":[{"href":"https:\/\/roemerquartier.ch\/index.php\/wp-json\/wp\/v2\/pages\/801","targetHints":{"allow":["GET"]}}],"collection":[{"href":"https:\/\/roemerquartier.ch\/index.php\/wp-json\/wp\/v2\/pages"}],"about":[{"href":"https:\/\/roemerquartier.ch\/index.php\/wp-json\/wp\/v2\/types\/page"}],"author":[{"embeddable":true,"href":"https:\/\/roemerquartier.ch\/index.php\/wp-json\/wp\/v2\/users\/1"}],"replies":[{"embeddable":true,"href":"https:\/\/roemerquartier.ch\/index.php\/wp-json\/wp\/v2\/comments?post=801"}],"version-history":[{"count":20,"href":"https:\/\/roemerquartier.ch\/index.php\/wp-json\/wp\/v2\/pages\/801\/revisions"}],"predecessor-version":[{"id":2510,"href":"https:\/\/roemerquartier.ch\/index.php\/wp-json\/wp\/v2\/pages\/801\/revisions\/2510"}],"wp:attachment":[{"href":"https:\/\/roemerquartier.ch\/index.php\/wp-json\/wp\/v2\/media?parent=801"}],"curies":[{"name":"wp","href":"https:\/\/api.w.org\/{rel}","templated":true}]}}