{"id":805,"date":"2018-12-24T19:19:19","date_gmt":"2018-12-24T18:19:19","guid":{"rendered":"http:\/\/roemerquartier.ch\/?page_id=805"},"modified":"2023-01-20T11:11:12","modified_gmt":"2023-01-20T10:11:12","slug":"geschichte-und-archaeologie","status":"publish","type":"page","link":"https:\/\/roemerquartier.ch\/index.php\/geschichte-und-archaeologie\/","title":{"rendered":"Geologie, Geschichte und Arch\u00e4ologie"},"content":{"rendered":"<p>&nbsp;<\/p>\n<p><img decoding=\"async\" class=\"responsive-image__img\" title=\"Die Badener Altstadt mit den Grossen und den Kleinen B\u00e4dern (l.): Reproduktion des Merianstichs aus dem 17. Jahrhundert.\" src=\"https:\/\/static.az-cdn.ch\/__ip\/bNqJPfITHZJAt2_z93l_2U4W4g0\/a8e35ff30e05c19381bfef7dc8dcf1fa68f7f0c5\/remote.adjust.rotate=0&amp;remote.size.w=1280&amp;remote.size.h=969&amp;local.crop.h=538&amp;local.crop.w=958&amp;local.crop.x=126&amp;local.crop.y=111&amp;r=1,n-large-16x9\" sizes=\" (min-width: 1801px) 1800px, 100vw \" srcset=\"https:\/\/static.az-cdn.ch\/__ip\/bNqJPfITHZJAt2_z93l_2U4W4g0\/a8e35ff30e05c19381bfef7dc8dcf1fa68f7f0c5\/remote.adjust.rotate=0&amp;remote.size.w=1280&amp;remote.size.h=969&amp;local.crop.h=538&amp;local.crop.w=958&amp;local.crop.x=126&amp;local.crop.y=111&amp;r=1,n-avatar-16x9 90w, https:\/\/static.az-cdn.ch\/__ip\/bNqJPfITHZJAt2_z93l_2U4W4g0\/a8e35ff30e05c19381bfef7dc8dcf1fa68f7f0c5\/remote.adjust.rotate=0&amp;remote.size.w=1280&amp;remote.size.h=969&amp;local.crop.h=538&amp;local.crop.w=958&amp;local.crop.x=126&amp;local.crop.y=111&amp;r=1,n-avatar2x-16x9 180w, https:\/\/static.az-cdn.ch\/__ip\/bNqJPfITHZJAt2_z93l_2U4W4g0\/a8e35ff30e05c19381bfef7dc8dcf1fa68f7f0c5\/remote.adjust.rotate=0&amp;remote.size.w=1280&amp;remote.size.h=969&amp;local.crop.h=538&amp;local.crop.w=958&amp;local.crop.x=126&amp;local.crop.y=111&amp;r=1,n-mobile-16x9 290w, https:\/\/static.az-cdn.ch\/__ip\/bNqJPfITHZJAt2_z93l_2U4W4g0\/a8e35ff30e05c19381bfef7dc8dcf1fa68f7f0c5\/remote.adjust.rotate=0&amp;remote.size.w=1280&amp;remote.size.h=969&amp;local.crop.h=538&amp;local.crop.w=958&amp;local.crop.x=126&amp;local.crop.y=111&amp;r=1,n-narrow-16x9 340w, https:\/\/static.az-cdn.ch\/__ip\/bNqJPfITHZJAt2_z93l_2U4W4g0\/a8e35ff30e05c19381bfef7dc8dcf1fa68f7f0c5\/remote.adjust.rotate=0&amp;remote.size.w=1280&amp;remote.size.h=969&amp;local.crop.h=538&amp;local.crop.w=958&amp;local.crop.x=126&amp;local.crop.y=111&amp;r=1,n-small-16x9 500w, https:\/\/static.az-cdn.ch\/__ip\/bNqJPfITHZJAt2_z93l_2U4W4g0\/a8e35ff30e05c19381bfef7dc8dcf1fa68f7f0c5\/remote.adjust.rotate=0&amp;remote.size.w=1280&amp;remote.size.h=969&amp;local.crop.h=538&amp;local.crop.w=958&amp;local.crop.x=126&amp;local.crop.y=111&amp;r=1,n-mobile2x-16x9 580w, https:\/\/static.az-cdn.ch\/__ip\/bNqJPfITHZJAt2_z93l_2U4W4g0\/a8e35ff30e05c19381bfef7dc8dcf1fa68f7f0c5\/remote.adjust.rotate=0&amp;remote.size.w=1280&amp;remote.size.h=969&amp;local.crop.h=538&amp;local.crop.w=958&amp;local.crop.x=126&amp;local.crop.y=111&amp;r=1,n-medium-16x9 680w, https:\/\/static.az-cdn.ch\/__ip\/bNqJPfITHZJAt2_z93l_2U4W4g0\/a8e35ff30e05c19381bfef7dc8dcf1fa68f7f0c5\/remote.adjust.rotate=0&amp;remote.size.w=1280&amp;remote.size.h=969&amp;local.crop.h=538&amp;local.crop.w=958&amp;local.crop.x=126&amp;local.crop.y=111&amp;r=1,n-large-16x9 740w, https:\/\/static.az-cdn.ch\/__ip\/bNqJPfITHZJAt2_z93l_2U4W4g0\/a8e35ff30e05c19381bfef7dc8dcf1fa68f7f0c5\/remote.adjust.rotate=0&amp;remote.size.w=1280&amp;remote.size.h=969&amp;local.crop.h=538&amp;local.crop.w=958&amp;local.crop.x=126&amp;local.crop.y=111&amp;r=1,n-wide-16x9 900w, https:\/\/static.az-cdn.ch\/__ip\/bNqJPfITHZJAt2_z93l_2U4W4g0\/a8e35ff30e05c19381bfef7dc8dcf1fa68f7f0c5\/remote.adjust.rotate=0&amp;remote.size.w=1280&amp;remote.size.h=969&amp;local.crop.h=538&amp;local.crop.w=958&amp;local.crop.x=126&amp;local.crop.y=111&amp;r=1,n-small2x-16x9 1000w\" alt=\"Die Badener Altstadt mit den Grossen und den Kleinen B\u00e4dern (l.): Reproduktion des Merianstichs aus dem 17. Jahrhundert.\" data-reactid=\".vp6qqt9kdq.0.0.0.0.1.0.0.0.0.0\"><br \/>\n<em>Merian-Stich, 17. Jhdt.<\/em><\/p>\n<p>Baden liegt in einer Klus, dem Durchbruch der Limmat durch den Faltenjura. Die Schicht des Muschelkalkes ist wasserf\u00fchrend und liegt als Teil der L\u00e4gernfalte nahe an der Oberfl\u00e4che; sie ist nur durch die wasserundurchl\u00e4ssige Keuper-Mergelschicht bedeckt. Das mineralisierte, 47 Grad warme Wasser gelangt aus 18 durch Erosion entstandene L\u00f6cher in der Keuperschicht im Gebiet des B\u00e4derquartiers an die Oberfl\u00e4che.&nbsp;<\/p>\n<p><img loading=\"lazy\" decoding=\"async\" class=\"alignnone size-large wp-image-1021\" src=\"http:\/\/roemerquartier.ch\/wp-content\/uploads\/2019\/02\/Badener_Klus-1024x436.jpg\" alt=\"\" width=\"625\" height=\"266\" srcset=\"https:\/\/roemerquartier.ch\/wp-content\/uploads\/2019\/02\/Badener_Klus-1024x436.jpg 1024w, https:\/\/roemerquartier.ch\/wp-content\/uploads\/2019\/02\/Badener_Klus-300x128.jpg 300w, https:\/\/roemerquartier.ch\/wp-content\/uploads\/2019\/02\/Badener_Klus-768x327.jpg 768w, https:\/\/roemerquartier.ch\/wp-content\/uploads\/2019\/02\/Badener_Klus-960x409.jpg 960w, https:\/\/roemerquartier.ch\/wp-content\/uploads\/2019\/02\/Badener_Klus.jpg 1964w\" sizes=\"auto, (max-width: 625px) 100vw, 625px\" \/><em>Geologisches Profil durch die Badener Klus (Quelle: J\u00e4ckli, Rundschau S\u00fcd 5\/19)<\/em><\/p>\n<p>&nbsp;<\/p>\n<p><em><img loading=\"lazy\" decoding=\"async\" class=\"alignnone size-large wp-image-1381\" src=\"http:\/\/roemerquartier.ch\/wp-content\/uploads\/2020\/01\/Geol_Profil_Baden_Hotel_Blume-1024x594.jpg\" alt=\"\" width=\"625\" height=\"363\" srcset=\"https:\/\/roemerquartier.ch\/wp-content\/uploads\/2020\/01\/Geol_Profil_Baden_Hotel_Blume-1024x594.jpg 1024w, https:\/\/roemerquartier.ch\/wp-content\/uploads\/2020\/01\/Geol_Profil_Baden_Hotel_Blume-300x174.jpg 300w, https:\/\/roemerquartier.ch\/wp-content\/uploads\/2020\/01\/Geol_Profil_Baden_Hotel_Blume-768x445.jpg 768w, https:\/\/roemerquartier.ch\/wp-content\/uploads\/2020\/01\/Geol_Profil_Baden_Hotel_Blume-1536x891.jpg 1536w, https:\/\/roemerquartier.ch\/wp-content\/uploads\/2020\/01\/Geol_Profil_Baden_Hotel_Blume-2048x1188.jpg 2048w, https:\/\/roemerquartier.ch\/wp-content\/uploads\/2020\/01\/Geol_Profil_Baden_Hotel_Blume-960x557.jpg 960w\" sizes=\"auto, (max-width: 625px) 100vw, 625px\" \/><br \/>\nGeologisches Profil durch die Badener Klus und die L\u00e4gern von Albert Heim 1907 (Original im Hotel Blume) <\/em><a href=\"http:\/\/roemerquartier.ch\/wp-content\/uploads\/2020\/01\/Geol_Profil_Baden_Hotel_Blume.jpg\" target=\"_blank\" rel=\"noopener noreferrer\">Download<\/a><\/p>\n<p>&nbsp;<\/p>\n<p><a href=\"http:\/\/roemerquartier.ch\/wp-content\/uploads\/2021\/10\/QuellenSeiten-aus-Baden-aktuell-Magazin-August-2021_red.pdf\" target=\"_blank\" rel=\"noopener\"><img loading=\"lazy\" decoding=\"async\" class=\"alignnone size-large wp-image-1022\" src=\"http:\/\/roemerquartier.ch\/wp-content\/uploads\/2019\/02\/Thermalquelle_Baederquartier-1024x503.jpg\" alt=\"\" width=\"625\" height=\"307\" srcset=\"https:\/\/roemerquartier.ch\/wp-content\/uploads\/2019\/02\/Thermalquelle_Baederquartier-1024x503.jpg 1024w, https:\/\/roemerquartier.ch\/wp-content\/uploads\/2019\/02\/Thermalquelle_Baederquartier-300x147.jpg 300w, https:\/\/roemerquartier.ch\/wp-content\/uploads\/2019\/02\/Thermalquelle_Baederquartier-768x378.jpg 768w, https:\/\/roemerquartier.ch\/wp-content\/uploads\/2019\/02\/Thermalquelle_Baederquartier-960x472.jpg 960w, https:\/\/roemerquartier.ch\/wp-content\/uploads\/2019\/02\/Thermalquelle_Baederquartier.jpg 1967w\" sizes=\"auto, (max-width: 625px) 100vw, 625px\" \/><\/a><br \/>\n<em>Die Lage der Thermalquellen im B\u00e4derquartier (Quelle: J\u00e4ckli, Rundschau S\u00fcd 5\/19; Download aus Baden Aktuell 8\/21)<\/em><\/p>\n<p>&nbsp;<\/p>\n<p>Da bereits die R\u00f6mer die Badener Thermalquellen genutzt haben (\u00abAquae Helveticae\u00bb), wurden die Bauarbeiten f\u00fcr Thermalbaden (und f\u00fcr das Kurtheater) von der Kantonsarch\u00e4ologie, resp. der Denkmalpflege begleitet und Notgrabungen zur Dokumentation Sicherung von Funden durchgef\u00fchrt.<\/p>\n<p>Zeitungsberichte zum Thema (j\u00fcngste zuoberst):<\/p>\n<ul>\n<li>Baden und <strong>Badekultur<\/strong>: <a href=\"https:\/\/www.srf.ch\/play\/tv\/schweiz-aktuell\/video\/schweiz-aktuell-vom-27-12-2022?urn=urn:srf:video:32518dd2-2d33-4efc-a5cc-66354c99bf3a\" target=\"_blank\" rel=\"noopener\">Beitrag<\/a> in der SRF-Sendung \u00abSchweiz aktuell\u00bb vom 27. Dezember 2022<\/li>\n<li><a href=\"http:\/\/roemerquartier.ch\/wp-content\/uploads\/2022\/10\/20221019_Uebersicht_Kulturvermittlungsstelen-scaled.webp\" target=\"_blank\" rel=\"noopener\">Standorte<\/a> von Info-Stelen zu den Quellen und B\u00e4dern<\/li>\n<li>175 Jahre <strong>Spanisch-Br\u00f6tli-Bahn<\/strong>: <a href=\"https:\/\/www.badenertagblatt.ch\/aargau\/baden\/badenzuerich-von-der-spanisch-broetli-bahn-zur-limmattalbahn-so-kam-die-verdichtung-von-zeit-und-raum-vor-175-jahren-in-fahrt-ld.2319884\" target=\"_blank\" rel=\"noopener\">Artikel<\/a> im Badener Tagblatt vom 21. Juli 2022<\/li>\n<li>Funde aus dem B\u00e4derquartier: <a href=\"https:\/\/www.badenertagblatt.ch\/aargau\/baden\/baden-spektakulaere-neue-bilder-kantonsarchaeologie-zeigt-funde-im-baederquartier-aus-neuem-blickwinkel-ld.2242376\" target=\"_blank\" rel=\"noopener\">Artikel<\/a> im Badener Tagblatt vom 1. M\u00e4rz 2022<\/li>\n<li><strong>Geschichtsvermittlung<\/strong> im B\u00e4derquartier: <a href=\"https:\/\/www.badenertagblatt.ch\/aargau\/baden\/tourismus-so-will-baden-die-historischen-ausgrabungen-in-zukunft-vermarkten-infotafeln-werden-im-fruehling-lanciert-web-app-in-der-planung-ld.2244089\" target=\"_blank\" rel=\"noopener\">Artikel<\/a> im Badener Tagblatt vom 8. Februar 2022<\/li>\n<li>Wie die <strong>R\u00f6mer<\/strong> das Baden in Baden bis heute beeinflussen: <a href=\"https:\/\/www.badenertagblatt.ch\/aargau\/baden\/ausgrabungen-wie-die-roemer-das-baden-in-baden-bis-heute-beeinflussen-archaeologin-praesentiert-neueste-ergebnisse-ihrer-forschung-ld.2241869\" target=\"_blank\" rel=\"noopener\">Artikel<\/a> im Badener Tagbatt vom 27. Januar 2022<\/li>\n<li>Das gerettete <strong>Kesselbad<\/strong> im Fortyseven: <a href=\"https:\/\/www.badenertagblatt.ch\/aargau\/baden\/fortyseven-archaeologin-andrea-schaer-das-neue-bad-wird-zu-einer-ikone-davon-bin-ich-ueberzeugt-ld.2220019\" target=\"_blank\" rel=\"noopener\">Artikel<\/a> im Badener Tagblatt vom 27. November 2021<\/li>\n<li><strong>Wohnh\u00e4user<\/strong> aus der R\u00f6merzeit. <a href=\"https:\/\/www.badenertagblatt.ch\/aargau\/baden\/baden-in-der-roemerzeit-standen-hier-haeuser-ld.2163403\" target=\"_blank\" rel=\"noopener\">Artikel<\/a> im Badener Tagblatt vom 14. Juli 2021<\/li>\n<li>Neue alte <strong>Strassennamen<\/strong> im B\u00e4derquartier? <a href=\"https:\/\/www.badenertagblatt.ch\/aargau\/montaigne-platz-neue-strassennamen-in-baden-stadt-soll-beruehmte-kurgaeste-wuerdigen-ld.2162929\" target=\"_blank\" rel=\"noopener\">Artikel<\/a> im Badener Tagblatt vom 13. Juli 2021 und <a href=\"https:\/\/www.badenertagblatt.ch\/aargau\/baden\/sexismus-auch-weil-sie-maenner-sind-der-badener-stadtrat-will-keine-strassen-nach-zwei-beruehmten-kurgaesten-benennen-ld.2175818?mktcid=smsh&amp;mktcval=E-mail&amp;reduced=true\" target=\"_blank\" rel=\"noopener\">Artikel<\/a> im Badener Tagblatt vom 20. August 2021<\/li>\n<li>Der <strong>Heisse Stein<\/strong> wird angehoben. <a href=\"https:\/\/www.badenertagblatt.ch\/aargau\/baden\/baederquartier-nach-54-jahren-der-heisse-stein-wird-angehoben-dadurch-ist-die-wichtigste-thermalquelle-in-baden-zu-sehen-ld.2155372\" target=\"_blank\" rel=\"noopener\">Artikel<\/a> im Badener Tagblatt vom 24. Juni 2021 und <a href=\"http:\/\/roemerquartier.ch\/wp-content\/uploads\/2021\/07\/2021-07-01_No_26_Rundschau_Sued_Heisser_Stein.pdf\" target=\"_blank\" rel=\"noopener\">Artikel<\/a> in der Rundschau S\u00fcd vom 1. Juli 2021<\/li>\n<li>Neue Funde zum <strong>Verenabad<\/strong>. <a href=\"https:\/\/www.badenertagblatt.ch\/aargau\/baden\/archaeologie-neue-funde-zum-verenabad-doch-schon-bald-verschwinden-sie-wieder-unter-dem-erdboden-ld.2149179\" target=\"_blank\" rel=\"noopener\">Artikel<\/a> im Badener Tagblatt vom 15. Juni 2021. Siehe auch <a href=\"https:\/\/www.verenabad.ch\" target=\"_blank\" rel=\"noopener\">www.verenabad.ch<\/a><\/li>\n<li>2000 Jahre alte <strong>Holzkonstruktion<\/strong> der R\u00f6mer freigelegt. <a href=\"https:\/\/www.badenertagblatt.ch\/aargau\/baden\/baden-neuer-fund-am-kurplatz-2000-jahre-alte-holzkonstruktion-der-roemer-freigelegt-ld.2098057\" target=\"_blank\" rel=\"noopener\">Artikel<\/a> im Badener Tagblatt vom 10. Februar 2021<\/li>\n<li><strong>Baden in Baden<\/strong>: Neujahrsbl\u00e4tter 2021. <a href=\"https:\/\/www.badenertagblatt.ch\/aargau\/baden\/ein-schwerpunkt-zum-jahr-der-thermalbad-eroffnung-und-eine-vision-fur-die-baderstadt-baden-ld.2069327\" target=\"_blank\" rel=\"noopener\">Artikel<\/a> im Badener Tagblatt vom 28. November 2020<\/li>\n<li><strong>Erneuter Sensationsfund<\/strong> bleibt in der Erde. <a href=\"https:\/\/www.badenertagblatt.ch\/aargau\/baden\/sensationsfund-bleibt-fur-immer-in-der-erde-kritiker-sprechen-von-unheiliger-allianz-ld.1272701\" target=\"_blank\" rel=\"noopener\">Artikel<\/a> im Badener Tagblatt vom 29. Oktober 2020<\/li>\n<li><strong>Sensationsfund<\/strong> liegt wieder unter der Erde: <a href=\"https:\/\/www.badenertagblatt.ch\/aargau\/baden\/sensationsfund-im-baderquartier-liegt-wieder-unter-der-erde-das-sind-die-grunde-ld.1266232\" target=\"_blank\" rel=\"noopener\">Artikel<\/a> im Badener Tagblatt vom 10. Oktober 2020<\/li>\n<li><strong>Kritik<\/strong> nach neuen Funden am Kurplatz: <a href=\"https:\/\/www.badenertagblatt.ch\/aargau\/baden\/neue-funde-am-kurplatz-losen-begeisterung-aus-doch-es-wird-auch-kritik-laut-ld.1257397\" target=\"_blank\" rel=\"noopener\">Artikel<\/a> im Badener Tagblatt vom 15. September 2020<\/li>\n<li><strong>R\u00f6misches Badebecken<\/strong> kommt bei Bauarbeiten zum Vorschein: <a href=\"https:\/\/www.badenertagblatt.ch\/aargau\/baden\/sensationsfund-unbekanntes-roemisches-badebecken-kommt-bei-bauarbeiten-zum-vorschein-137980376\" target=\"_blank\" rel=\"noopener noreferrer\">Artikel<\/a> im Badener Tagblatt vom 29. Mai 2020<\/li>\n<li>Das Geheimnis der <strong>B\u00e4derstadt Baden<\/strong> \u2013 2000 Jahre Lust und Leiden: <a href=\"https:\/\/www.srf.ch\/play\/tv\/sendung\/einstein?id=f005a0da-25ea-43a5-b3f8-4c5c23b190b3\" target=\"_blank\" rel=\"noopener noreferrer\">Beitrag<\/a> mit der Arch\u00e4ologin <a href=\"https:\/\/www.archaeokontor.ch\/\" target=\"_blank\" rel=\"noopener noreferrer\">Andrea Sch\u00e4r<\/a> in der SRF-Sendung \u00abEinstein\u00bb vom 16. April 2020<\/li>\n<li>Heiratswillige <strong>Badeg\u00e4ste und frivole Priester<\/strong>: In SRF-Sendung stehen heute die Badener B\u00e4der im Fokus: <a href=\"https:\/\/www.badenertagblatt.ch\/aargau\/baden\/heiratswillige-badegaeste-und-frivole-priester-in-srf-sendung-stehen-heute-die-badener-baeder-im-fokus-137652611\" target=\"_blank\" rel=\"noopener noreferrer\">Artikel<\/a> im Badener Tagblatt vom 16. April 2020<\/li>\n<li>Ein <strong>Museum<\/strong> mit Nacktbereich: <a href=\"http:\/\/roemerquartier.ch\/wp-content\/uploads\/2020\/02\/Ein-Museum-mit-Nacktbereich-News-Z\u00fcrich_-Region-tagesanzeiger.pdf\" target=\"_blank\" rel=\"noopener noreferrer\">Artikel<\/a> im Tages Anzeiger vom 15. Februar 2020<\/li>\n<li><strong>Verenahof<\/strong>: 2000 Jahre <strong>B\u00e4dergeschichte<\/strong> auf einen Blick: <a href=\"https:\/\/www.badenertagblatt.ch\/aargau\/baden\/2000-jahre-auf-einen-blick-hier-badeten-legionaere-kaiser-und-paepste-136361719\" target=\"_blank\" rel=\"noopener noreferrer\">Artikel<\/a> im Badener Tagblatt vom 13. Februar 2020<\/li>\n<li>Ein ungenierter Blick in das neu er\u00f6ffnete Badener <strong>Thermalbad anno 1964<\/strong>: <a href=\"https:\/\/www.badenertagblatt.ch\/aargau\/kanton-aargau\/ein-ungenierter-blick-in-das-neu-eroeffnete-badener-thermalbad-anno-1964-136221490#\" target=\"_blank\" rel=\"noopener noreferrer\">Artikel<\/a> im Badener Tagblatt vom 26. Januar 2020<\/li>\n<li>Dieser <strong>Geologe<\/strong> erkl\u00e4rt mittels Putzlappen, wie die Alpen entstanden sind: <a href=\"https:\/\/www.badenertagblatt.ch\/aargau\/baden\/dieser-geologe-erklaert-mittels-putzlappen-wie-die-alpen-entstanden-sind-136000016\" target=\"_blank\" rel=\"noopener noreferrer\">Artikel<\/a> im Badener Tagblatt vom 21. November 2019<\/li>\n<li>Ausstellung zum \u00ab<strong>Badekult<\/strong>\u00bb im Historischen Museum: <a href=\"https:\/\/www.badenertagblatt.ch\/aargau\/baden\/ausstellung-zum-badekult-im-historischen-museum-135917597\" target=\"_blank\" rel=\"noopener noreferrer\">Artikel<\/a> im Badener Tagblatt vom 4. November 2019<\/li>\n<li>Das Historische Museum widmet sich in einer grossen Sonderausstellung dem <strong>Bade- und K\u00f6rperkult<\/strong>: <a href=\"https:\/\/www.badenertagblatt.ch\/aargau\/baden\/das-historische-museum-widmet-sich-in-einer-grossen-sonderausstellung-dem-bade-und-koerperkult-135777279\" target=\"_blank\" rel=\"noopener noreferrer\">Artikel<\/a> im Badener Tagblatt vom 10. Oktober 2019<\/li>\n<li>Die schiefe <strong>S\u00e4ule<\/strong> von Baden \u2013 was hat es mit dem fast vergessenen Wahrzeichen auf sich? <a href=\"https:\/\/www.badenertagblatt.ch\/aargau\/baden\/die-schiefe-saeule-von-baden-was-hat-es-mit-dem-fast-vergessenen-wahrzeichen-auf-sich-135366326\" target=\"_blank\" rel=\"noopener noreferrer\">Artikel<\/a> im Badener Tagblatt vom 7. August 2019<\/li>\n<li>Ein Parkplatz auf dem <strong>Heissen Stein<\/strong>: <a href=\"http:\/\/roemerquartier.ch\/wp-content\/uploads\/2019\/04\/Parkplatz_Heisser_Stein_BT_2019_04_06.pdf\" target=\"_blank\" rel=\"noopener noreferrer\">Glosse<\/a> im Badener Tagblatt vom 6. April 2019<\/li>\n<li>Die alte Linde am <strong>Kurplatz<\/strong> musste gef\u00e4llt werden: <a href=\"https:\/\/www.badenertagblatt.ch\/aargau\/baden\/innerlich-fast-tot-und-im-weg-hier-faellt-die-alte-linde-am-badener-kurplatz-134259948\" target=\"_blank\" rel=\"noopener noreferrer\">Artikel<\/a> im Badener Tagblatt vom 26. M\u00e4rz 2019<\/li>\n<li>Die <strong>Arch\u00e4ologin <\/strong><a href=\"https:\/\/www.archaeokontor.ch\/\" target=\"_blank\" rel=\"noopener noreferrer\">Andrea Sch\u00e4r<\/a> hat das B\u00e4derquartier erforscht: <a href=\"https:\/\/www.badenertagblatt.ch\/aargau\/baden\/badens-wichtigste-archaeologin-andrea-schaer-und-ihre-beziehung-zum-baederquartier-134221067\" target=\"_blank\" rel=\"noopener noreferrer\">Artikel<\/a> im Badener Tagblatt vom 18. M\u00e4rz 2019<\/li>\n<li>Zeitreise auf Instagram in den Badener <strong>Limmathof<\/strong>: <a href=\"https:\/\/www.badenertagblatt.ch\/aargau\/baden\/zeitreise-auf-instagram-als-ein-zimmer-im-limmathof-noch-knapp-4-franken-kostete-134054571\" target=\"_blank\" rel=\"noopener noreferrer\">Artikel<\/a> im Badener Tagblatt vom 7. Februar 2019<\/li>\n<li>Das <strong>Quellensystem<\/strong> im B\u00e4derquartier: <a href=\"http:\/\/roemerquartier.ch\/wp-content\/uploads\/2019\/02\/Seiten-aus-2019-05_Rundschau_Sued.pdf\" target=\"_blank\" rel=\"noopener noreferrer\">Artikel<\/a> in der Rundschau S\u00fcd Nr. 5 vom 31. Januar 2019<\/li>\n<li>Neue Erkenntnisse aus dem B\u00e4derquartier: Badens Aufstieg zum europ\u00e4ischen <strong>Heilbad<\/strong>: <a href=\"https:\/\/www.badenertagblatt.ch\/aargau\/baden\/neue-erkenntnisse-aus-dem-baederquartier-badens-aufstieg-zum-europaeischen-heilbad-133806293\" target=\"_blank\" rel=\"noopener noreferrer\">Artikel<\/a> im Badener Tagblatt von 5. Dezember 2018<\/li>\n<li>Grossandrang an den <strong>Denkmaltagen<\/strong> im B\u00e4derquartier: <a href=\"https:\/\/www.badenertagblatt.ch\/aargau\/baden\/grossandrang-im-baederquartier-denkmaltage-locken-die-besucher-auf-den-kurplatz-133403426\" target=\"_blank\" rel=\"noopener noreferrer\">Artikel<\/a> im Badener Tagblatt vom 24. September 2018<\/li>\n<li>Die <strong>B\u00e4derhotels<\/strong>: <a href=\"https:\/\/www.badenertagblatt.ch\/aargau\/baden\/eine-welt-aus-einer-anderen-zeit-eintauchen-in-die-geschichte-des-badener-baederquartiers-133185315\" target=\"_blank\" rel=\"noopener noreferrer\">Artikel<\/a> im Badener Tagblatt vom 20. September 2018<\/li>\n<li>Als die <strong>Badeg\u00e4ste<\/strong> nach Baden str\u00f6mten: <a href=\"https:\/\/www.badenertagblatt.ch\/aargau\/baden\/als-die-badegaeste-nach-baden-stroemten-131498889#\" target=\"_blank\" rel=\"noopener noreferrer\">Artikel<\/a> im Badener Tagblatt von 7. Juli 2018<\/li>\n<li>2000 Jahre altes <strong>Holz<\/strong> entdeckt: <a href=\"https:\/\/www.badenertagblatt.ch\/aargau\/baden\/funde-auf-der-thermalbad-baustelle-zeigen-so-schuetzten-die-roemer-ihre-baeder-132661226\" target=\"_blank\" rel=\"noopener noreferrer\">Artikel<\/a> im Badener Tagblatt vom 8. Juni 2018<\/li>\n<li><strong>R\u00f6misches Bad<\/strong> entdeckt: <a href=\"https:\/\/www.badenertagblatt.ch\/aargau\/baden\/kantonsarchaeologie-macht-zweiten-fund-2000-jahre-altes-roemisches-bad-entdeckt-132798029\" target=\"_blank\" rel=\"noopener noreferrer\">Artikel<\/a> im Badener Tagblatt vom 12. Juli 2018<\/li>\n<li>Panik w\u00e4hrend <strong>Dreissigj\u00e4hrigem Krieg<\/strong>: Als Berner drohten, die Badener B\u00e4der zu brandschatzen: <a href=\"https:\/\/www.badenertagblatt.ch\/aargau\/baden\/als-die-badegaeste-nach-baden-stroemten-131498889#\" target=\"_blank\" rel=\"noopener noreferrer\">Artikel<\/a> im Badener Tagblatt von 22. Mai 2018<\/li>\n<li>Der <strong>Weg<\/strong> zum neuen Bad: <a href=\"https:\/\/www.badenertagblatt.ch\/aargau\/baden\/der-lange-weg-zum-neuen-bad-was-seit-1963-alles-geplant-war-und-scheiterte-132451685\" target=\"_blank\" rel=\"noopener noreferrer\">Artikel<\/a> im Badener Tagblatt vom 18. April 2018<\/li>\n<li>\u00abSchindler-<strong>Lift<\/strong> Nr. 2\u00bb: <a href=\"https:\/\/www.badenertagblatt.ch\/aargau\/baden\/schindler-lift-nr-2-was-von-der-legende-des-aeltestens-aufzugs-der-welt-uebrig-blieb-132043482#\" target=\"_blank\" rel=\"noopener noreferrer\">Artikel<\/a> im Badener Tagblatt vom 2. Januar 2018<\/li>\n<\/ul>\n","protected":false},"excerpt":{"rendered":"<p>&nbsp; Merian-Stich, 17. Jhdt. Baden liegt in einer Klus, dem Durchbruch der Limmat durch den Faltenjura. Die Schicht des Muschelkalkes ist wasserf\u00fchrend und liegt als Teil der L\u00e4gernfalte nahe an der Oberfl\u00e4che; sie ist nur durch die wasserundurchl\u00e4ssige Keuper-Mergelschicht bedeckt. Das mineralisierte, 47 Grad warme Wasser gelangt aus 18 durch Erosion entstandene L\u00f6cher in der <a href=\"https:\/\/roemerquartier.ch\/index.php\/geschichte-und-archaeologie\/\" class=\"more-link\">\u2026weiterlesen<span class=\"screen-reader-text\"> Geologie, Geschichte und Arch\u00e4ologie\"<\/span><\/a><\/p>\n","protected":false},"author":1,"featured_media":0,"parent":0,"menu_order":0,"comment_status":"closed","ping_status":"closed","template":"","meta":{"ngg_post_thumbnail":0,"footnotes":""},"class_list":["post-805","page","type-page","status-publish","h-entry","hentry","h-as-page"],"_links":{"self":[{"href":"https:\/\/roemerquartier.ch\/index.php\/wp-json\/wp\/v2\/pages\/805","targetHints":{"allow":["GET"]}}],"collection":[{"href":"https:\/\/roemerquartier.ch\/index.php\/wp-json\/wp\/v2\/pages"}],"about":[{"href":"https:\/\/roemerquartier.ch\/index.php\/wp-json\/wp\/v2\/types\/page"}],"author":[{"embeddable":true,"href":"https:\/\/roemerquartier.ch\/index.php\/wp-json\/wp\/v2\/users\/1"}],"replies":[{"embeddable":true,"href":"https:\/\/roemerquartier.ch\/index.php\/wp-json\/wp\/v2\/comments?post=805"}],"version-history":[{"count":43,"href":"https:\/\/roemerquartier.ch\/index.php\/wp-json\/wp\/v2\/pages\/805\/revisions"}],"predecessor-version":[{"id":2512,"href":"https:\/\/roemerquartier.ch\/index.php\/wp-json\/wp\/v2\/pages\/805\/revisions\/2512"}],"wp:attachment":[{"href":"https:\/\/roemerquartier.ch\/index.php\/wp-json\/wp\/v2\/media?parent=805"}],"curies":[{"name":"wp","href":"https:\/\/api.w.org\/{rel}","templated":true}]}}